 + 3*x, 13*x - 11*x - 150 = -f*v. Calculate the greatest common divisor of v and 7.
7
Let k(a) = -a**2 - 6*a - 4. Let u be k(-5). Suppose 0 = -4*g, -3*w = -4*g - 63 + 23 - 47. Calculate the highest common divisor of w and u.
1
Let d be (-6 - (-10)/6)/(2/(-294)). Suppose 0*n - 5*n = -910. Calculate the highest common divisor of d and n.
91
Suppose -4 = 2*b, 3*f - 2980 = 3*b + 503. Calculate the highest common factor of 57 and f.
19
Suppose -296*q + 305*q = 450. Calculate the greatest common divisor of 50 and q.
50
Let h(b) = -6*b - 48. Suppose -11*z = 113 + 41. Let l be h(z). Calculate the greatest common divisor of 54 and l.
18
Let l be (2750/33)/25*21. What is the greatest common factor of l and 1862?
14
Suppose -3*s + 12*s = 18553 + 46769. What is the highest common factor of s and 38?
38
Suppose 286 = -20*m + 2416 - 210. Calculate the greatest common divisor of 648 and m.
24
Let p be -5 + (-39)/(-12)*8 + 5. Let t be (-12)/15*260/(-8). What is the highest common divisor of t and p?
26
Let m = 14130 - 14092. Calculate the greatest common divisor of 15542 and m.
38
Let n = 3552 - 1683. Calculate the greatest common divisor of n and 294.
21
Let s = 200 + -70. Suppose s = d + 91. What is the greatest common factor of 78 and d?
39
Suppose -4*m + 1136 - 4232 = 0. Let k = 789 + m. Calculate the greatest common divisor of 1065 and k.
15
Let r be 29/((-2)/((-8)/4) - 0). Suppose a + 2*z - 5 = 0, 4*z = 3*a + 3*z - r. Calculate the highest common factor of a and 24.
3
Suppose -18*p + 21*p = x + 483, -157 = -p - x. Let l = p + -68. Calculate the greatest common divisor of l and 4.
4
Let f = 121 - 108. Suppose 5*k - 6*k + f = 0. Suppose k*m - 180 = 4*m. What is the highest common factor of m and 8?
4
Let m(w) = 2*w**3 + w**2 - 3*w + 16. Let t = 192 - 192. Let s be m(t). Calculate the greatest common divisor of 32 and s.
16
Suppose 0 = -87*v + 473 + 1615. Calculate the greatest common divisor of v and 15216.
24
Let j be 55*-1*(4/(-1))/(-4). Let s be 4/12*-21 - j. What is the greatest common factor of s and 112?
16
Let q be (-2)/(-5)*1 - 5130/(-50). Suppose 0 = 12*k - 77 - q. Suppose k*h - 702 = 6*h. What is the greatest common divisor of 26 and h?
26
Suppose 0 = -4*n - 3*l + 330, -254 = -3*n + 109*l - 108*l. Calculate the greatest common divisor of n and 1218.
42
Let r = 164 - 98. Suppose 19 = 2*l - 23. Let t be (-8099)/(-49) - 6/l. Calculate the greatest common divisor of r and t.
33
Let k be -4 - (6 - (-2538)/(-9)). Suppose -k*d + 269*d + 105 = 0. Calculate the highest common divisor of 7 and d.
7
Suppose -52*h - q + 2472 = -47*h, 1497 = 3*h - 4*q. Calculate the highest common factor of h and 275.
55
Suppose 122*x - 15*x - 2023 - 3969 = 0. What is the greatest common factor of x and 184?
8
Let t(v) = 2*v**3 - 5*v**2 + 38*v - 32. Let q be t(3). What is the highest common divisor of q and 23205?
91
Let d be (41/(-2) - -2)*4. Let h be 80/(-60)*(d/4 + 2). What is the highest common factor of 286 and h?
22
Let d = 1172 + -1170. What is the highest common factor of d and 1851?
1
Let b = 14117 + -14113. Suppose 2*r - 57 = i - 2*i, 120 = 4*r + 4*i. Let n be 2*(b + 15/(-6)) + r. What is the highest common factor of n and 50?
10
Let h = 21701 - 21665. What is the highest common factor of h and 44?
4
Let j be -1 + -1 + 4 + -2. Suppose 270 = -3*g - 4*c + 1045, 0 = -g + 3*c + 267. Suppose j = 7*n - 6*n - g. Calculate the greatest common divisor of 29 and n.
29
Let w(n) = -32*n**2 + 3*n - 2. Suppose 6*g = -19 + 25. Let q be w(g). Let d = q + 45. Calculate the highest common divisor of 14 and d.
14
Suppose -6*o = -11*o + 130. Let w = o - 39. Let f = 2 - w. Calculate the greatest common factor of f and 15.
15
Let v = 20911 + -20099. Calculate the greatest common factor of 4669 and v.
203
Let k be 10*1/(-3)*-129. Calculate the greatest common divisor of k and 172.
86
Let t(a) = 3*a**3 - a**2 + 3*a - 2. Let c be t(2). Let j = c - 14. Let m(n) = 238*n + 14766. Let q be m(-62). What is the greatest common factor of q and j?
10
Let d = -178 + 175. Let f be 2/d + (-42)/(-9). Calculate the highest common factor of 68 and f.
4
Let p be 975/(-50)*20/6. Let v = -46 - p. Calculate the highest common divisor of 1 and v.
1
Let g be -6*202/12*(-1 + 13 + -51). What is the highest common divisor of g and 39?
39
Let o = -4506 + 4533. Calculate the greatest common factor of 7632 and o.
9
Suppose -3*r = -z - 33, -4*z + 8*z = -2*r + 8. Suppose -r*u = 29*u - 3510. What is the greatest common divisor of u and 120?
30
Suppose -1059*k + 378 = -1045*k. Let b = -3 + 66. What is the highest common factor of b and k?
9
Suppose 10*k - 2*k = 0. Suppose k*m = 3*r + 3*m - 9, 4*r - 2*m = 30. What is the greatest common factor of r and 39?
3
Let t(w) = -93*w + 2252. Let u be t(24). Calculate the greatest common divisor of 996 and u.
4
Let w(v) = -168*v - 2890. Let c be w(-18). What is the greatest common divisor of c and 67?
67
Let h = 10107 - 9567. Calculate the greatest common divisor of 1140 and h.
60
Suppose -223 = -k - 16*r + 11*r, 4*k - 777 = 3*r. Suppose -4*f + 89 = 1. Calculate the highest common divisor of k and f.
22
Suppose s = -4*w + 1118, -11*w = 2*s - 15*w - 2248. Calculate the highest common factor of s and 204.
102
Suppose 0 = -x - 2*x + 5*s + 383, 2*s = -x + 113. Suppose -114 = -3*b - 3*j, 5*b - 26*j - 208 = -28*j. Calculate the greatest common divisor of b and x.
11
Let s be (-12)/(-9)*(4 + -11 - -4). Let r be (-6)/s*(56/12 - -6). Let u = -5 + 9. What is the greatest common divisor of r and u?
4
Suppose 0 = 150*z + 86*z - 76464. Calculate the greatest common factor of 210 and z.
6
Suppose -23*c = 8*c - 22103. What is the highest common factor of 279 and c?
31
Let i(t) = -t**3 + 13*t**2 + 12*t - 243. Let h be i(11). What is the highest common factor of 10349 and h?
131
Suppose 0 = -z - z - 128. Suppose -6*s - 46 = -28. Let r be (4 - (z + s)) + 4. What is the highest common divisor of 15 and r?
15
Suppose 5*k = 28*g - 25*g - 439, -5*g + 5*k = -715. Calculate the greatest common divisor of g and 2254.
46
Suppose -1525 - 3939 = -8*m. Suppose 12*n - 769 = m. Let f(r) = 4*r - 5. Let l be f(4). What is the highest common divisor of l and n?
11
Suppose 3841 = 4*g + 21*g - 834. Calculate the highest common factor of 782 and g.
17
Suppose 47*w - 35 = 6686. Let i(m) = 10*m + 2. Let y be i(2). Calculate the highest common divisor of y and w.
11
Let p be -3*(-6080)/24*1. Let n be p/14 + (-9)/((-315)/(-10)). Calculate the highest common factor of 135 and n.
27
Suppose 0 = -4*c + 5*l + 166, -91*c + 94*c - l - 130 = 0. What is the greatest common divisor of 902 and c?
22
Suppose 3*g + 1517 = 1805. Calculate the greatest common divisor of g and 888.
24
Let v = 15335 + -15147. What is the highest common factor of 116 and v?
4
Let i = 18717 - 13152. What is the highest common divisor of 210 and i?
105
Let f(g) = g - 6*g**2 + 33 - 7*g - 2*g - 6*g + 9*g**2. Let u be f(3). What is the greatest common divisor of u and 234?
18
Suppose 8*p + 89 = 297. Suppose -103 = -7*s - p. Suppose -241 + 76 = -3*x. What is the greatest common factor of x and s?
11
Let j(l) = 131 + 128 + 2*l - l - 114. Let r be j(23). What is the highest common divisor of r and 18?
6
Let d(y) = 37*y**2 - 231*y - 2. Let x be d(7). What is the highest common factor of x and 2134?
194
Suppose 382*g = 385*g - 2694. Suppose -370 + g = 4*n. Calculate the greatest common divisor of n and 220.
44
Let a(i) = 0*i + 27*i**3 - 44*i**2 + 42*i**2 - 7*i**3 - 1 + 2*i. Let u be a(1). Calculate the greatest common divisor of u and 38.
19
Let w = -21554 - -21580. Let j(u) = 2*u**2 + 4*u - 4. Let s be j(-5). Calculate the highest common factor of s and w.
26
Let c(l) = l + 7. Let x be c(-3). Suppose -4*v + 81 = 3*g, 3*v - 113 = x*g - 21. Calculate the highest common factor of 420 and v.
12
Suppose 70 = 1786*s - 1781*s. What is the greatest common divisor of 2968 and s?
14
Let s be -1 - 14 - 50/(-10). Let r be (408/s)/(104/20 - 5). Let a be (r/(-9))/(-2)*228/(-8). What is the greatest common divisor of 17 and a?
17
Let q be (-1)/4 + 58/8. Suppose -78*m + 425*m = -78*m + 56525. What is the highest common factor of m and q?
7
Suppose -12*i - 513 = -2673. What is the greatest common factor of i and 765?
45
Let l = 48 - 52. Let r be 3 + 15/l + 163/4. Let x = 73